t is 1b315 (base 12) in base 6?
510025
Convert -21740104 (base 8) to base 16.
-47c044
-dd5916 (base 16) to base 11
-8208851
-3419 (base 16) to base 10
-13337
What is 2a704 (base 11) in base 3?
2012121000
What is 4bd59 (base 14) in base 5?
21431400
What is -230465 (base 12) in base 11?
-353149
What is 239518 (base 10) in base 4?
322132132
Convert -55111400 (base 6) to base 9.
-3072840
-4210222 (base 7) to base 12
-2052b1
63928 (base 13) to base 15
382c7
42102 (base 12) to base 5
10232141
224a481 (base 13) to base 8
50134517
What is -100302013 (base 5) in base 8?
-1415602
Convert 1021010200 (base 4) to base 13.
a62ca
140783 (base 11) to base 15
45538
-11011010100011100010111 (base 2) to base 9
-14424808
-5a8660 (base 12) to base 7
-15314604
Convert -3244014 (base 6) to base 4.
-213130222
-1921ba (base 12) to base 13
-124ba6
-302023232 (base 6) to base 11
-299840a
Convert -102453204 (base 6) to base 8.
-6721444
What is -17331 (base 11) in base 9?
-36361
546065 (base 9) to base 16
4f922
214513220 (base 6) to base 14
72920c
-65447 (base 10) to base 3
-10022202222
Convert 829502 (base 10) to base 4.
3022200332
-2212020212002 (base 3) to base 12
-613b78
101220100 (base 3) to base 8
17413
Convert -972304 (base 11) to base 6.
-53154543
-100000101010100110110011 (base 2) to base 15
-b4234d
What is 4671850 (base 9) in base 16?
2690af
What is 131300320012 (base 4) in base 2?
11101110000111000000110
Convert 843f (base 16) to base 4.
20100333
Convert 90080 (base 12) to base 2.
101101100101100000
Convert -11034210 (base 5) to base 3.
-11212221020
What is 2316520 (base 9) in base 16?
13183b
145534 (base 7) to base 14
a4c4
What is 2232a (base 14) in base 2?
10100010000000010
What is -6c971 (base 16) in base 8?
-1544561
334513 (base 7) to base 4
32131303
Convert -2b697a (base 13) to base 4.
-10011213021
Convert 28587157 (base 9) to base 16.
d83943
Convert a167b (base 14) to base 4.
1132301131
2780786 (base 9) to base 4
11311120032
Convert -44dc8 (base 14) to base 5.
-20323424
Convert 78d9e (base 15) to base 3.
201112100212
Convert 11131333 (base 5) to base 8.
301230
Convert 33701 (base 13) to base 4.
112310102
Convert -20acd (base 14) to base 12.
-39851
Convert 101cd5c (base 15) to base 14.
174d5a2
Convert -1262222 (base 9) to base 13.
-1b240b
What is -1102314330 (base 5) in base 15?
-321c95
What is -52e7a (base 16) in base 6?
-11140042
Convert 4034144 (base 5) to base 9.
108047
What is -a3dc4 (base 14) in base 15?
-7c10c
Convert -e4bce9 (base 16) to base 13.
-314b279
What is -118c79a (base 15) in base 11?
-7124529
What is -354187 (base 15) in base 14?
-4a3730
-1314ef2 (base 16) to base 10
-20008690
Convert 132210122 (base 4) to base 11.
86088
Convert -100101101000001000001 (base 2) to base 8.
-4550101
5412844 (base 10) to base 16
5297ec
What is -360610 (base 9) in base 7?
-1562451
110221021110 (base 3) to base 16
3e29e
Convert -a0c16d (base 15) to base 5.
-3423301303
Convert 28077 (base 10) to base 13.
ca1a
4101013 (base 6) to base 12
94769
62b4e (base 16) to base 9
675534
-2431338 (base 9) to base 8
-5021530
330869 (base 13) to base 3
2021000110112
-24123222 (base 5) to base 12
-a9462
Convert 71e88 (base 16) to base 6.
14000012
300110211 (base 4) to base 5
22313200
Convert 7767051 (base 8) to base 14.
3c6865
What is 2879129 (base 10) in base 5?
1214113004
Convert 54977 (base 12) to base 6.
2222231
222020200 (base 3) to base 15
5a09
Convert -1731720 (base 8) to base 12.
-204154
-3124023 (base 7) to base 10
-375945
-10111101110000111110100 (base 2) to base 12
-20ba618
What is 579b0c (base 15) in base 7?
50364402
-102020201000120 (base 3) to base 12
-2003473
-e6e3 (base 16) to base 14
-1777d
Convert 41048 (base 15) to base 3.
101110111112
What is -100101110000101111 (base 2) in base 15?
-30c66
Convert -136425132 (base 7) to base 15.
-bd1246
What is -326370 (base 9) in base 4?
-233212011
What is -51b85 (base 13) in base 9?
-243540
What is 22461156 (base 8) in base 14?
90c7a6
What is 1703065 (base 8) in base 14?
cb9c1
Convert 241892 (base 13) to base 16.
d2152
Convert 312223321 (base 5) to base 12.
5220a3
55707 (base 14) to base 13
733bb
132000003212 (base 4) to base 9
15716118
Convert 15002570 (base 9) to base 16.
718eb4
What is 202213344 (base 5) in base 3?
1112122121210
What is 187831 (base 10) in base 6?
4005331
What is 1044ce (base 15) in base 14?
1620b7
What is 1233120423 (base 5) in base 14?
5888a5
What is 24067 (base 9) in base 8?
37343
Convert 10102021201000 (base 3) to base 13.
4b7a31
-211320133213 (base 4) to base 13
-2099191
What is 91cb6 (base 13) in base 10?
261423
What is 202045 (base 6) in base 4?
3322031
What is 1623305 (base 8) in base 4?
1302123011
What is 313a90 (base 12) in base 9?
1408610
-110101010010100010 (base 2) to base 9
-362366
Convert -3020430 (base 6) to base 9.
-236700
-84862 (base 9) to base 7
-322403
What is -28aa9 (base 16) in base 9?
-273436
Convert -61a7 (base 16) to base 13.
-b4c0
-be0315 (base 15) to base 2
-100010100100100010101010
Convert 27db62 (base 14) to base 7.
14515352
Convert 13288673 (base 9) to base 16.
640296
Convert 273988 (base 13) to base 5.
220410422
-7d3d9c (base 14) to base 7
-51223555
What is -20295 (base 14) in base 4?
-102320223
Convert 12201433 (base 5) to base 9.
185842
234023 (base 8) to base 16
13813
Convert -416910 (base 12) to base 11.
-64217a
163256 (base 7) to base 2
111111001111101
153326141 (base 7) to base 5
10113332242
Convert 1443312 (base 7) to base 2.
101111110001010010
-110111100111111111 (base 2) to base 9
-376474
Convert -202203303102 (base 4) to base 8.
-42436322
99515 (base 13) to base 9
462818
What is 13024400 (base 5) in base 15?
278ba
Convert -1363100 (base 7) to base 2.
-101100110100000010
What is -3100033100 (base 4) in base 7?
-10151501
-21710 (base 8) to base 15
-2aaa
Convert 13506513 (base 8) to base 5.
1240111302
-10110111011110101 (base 2) to base 15
-1cc7b
What is -11110001101100110100 (base 2) in base 4?
-3301230310
Convert 110110010011110000111010 (base 2) to base 9.
28708108
Convert 10110101100100 (base 2) to base 14.
4340
What is -100100122121 (base 3) in base 14?
-4b19d
74361 (base 10) to base 13
27b01
2032222131 (base 4) to base 15
b8219
What is -14111413 (base 8) in base 15?
-42d34b
Convert 34206c (base 15) to base 5.
1114044402
What is 2000232210 (base 4) in base 12?
215170
23367818 (base 9) to base 5
10403220132
Convert 11127445 (base 9) to base 2.
10100100100011010110001
-1100000100110110101 (base 2) to base 3
-202002210121
Convert 1020123031 (base 4) to base 15.
5cd6d
-1010000101011100111100 (base 2) to base 5
-1134100042
Convert 122450223 (base 7) to base 3.
112112112210220
-21002233131 (base 4) to base 9
-4412666
55081 (base 11) to base 13
2a50c
Convert -438d9 (base 16) to base 9.
-461501
-1222930 (base 12) to base 3
-20122100010100
2735320 (base 10) to base 13
74a043
Convert -17512 (base 8) to base 13.
-3852
-193387 (base 16) to base 6
-55222131
Convert 51439 (base 12) to base 13.
39351
-3e9d8b (base 16) to base 12
-145a8b7
32a228 (base 15) to base 8
11152055
-1010213200 (base 4) to base 15
-58421
-1000000101001111100 (base 2) to base 7
-2152044
121302303 (base 5) to base 9
1061821
-775bbb (base 12) to base 6
-104355555
What is -101010100000010001011110 (base 2) in base 4?
-222200101132
Convert -101464 (base 10) to base 15.
-200e4
What is -10032031032 (base 4) in base 12?
-4545a6
What is 103232200 (base 5) in base 9?
748622
-120321115 (base 6) to base 16
-229247
117574b (base 12) to base 15
46e535
10111001000101010 (base 2) to base 9
153881
206b41 (base 13) to base 10
757680
What is 10000100011001000 (base 2) in base 14?
1a9ba
-10044113 (base 6) to base 5
-33123104
Convert -33135224 (base 6) to base 8.
-3622540
What is -1c7aa (base 14) in base 3?
-10200221202
What is -11110101221222 (base 3) in base 11?
-1379641
What is -461740 (base 8) in base 5?
-20003030
What is 78538 (base 10) in base 13?
29995
What is 107988 (base 10) in base 8?
322724
What is 2847851 (base 10) in base 12?
b5408b
12113012333 (base 4) to base 15
22e12e
What is 5214441 (base 6) in base 11?
161779
9ba55 (base 12) to base 5
23112022
Convert 165220 (base 8) to base 10.
60048
-cad99 (base 14) to base 12
-1b8263
Convert 1174174 (base 8) to base 11.
202822
-169495 (base 13) to base 16
-8981e
